 a factor of 3210?
False
Is 13 a factor of 1919?
False
Is 33 a factor of 264?
True
Does 26 divide 494?
True
Does 239 divide 22227?
True
Is 944 a multiple of 126?
False
Is 36 a factor of 468?
True
Does 11 divide 6363?
False
Is 32 a factor of 640?
True
Is 185 a multiple of 16?
False
Is 18 a factor of 18?
True
Is 7082 even?
True
Is 180 a factor of 11880?
True
Does 25 divide 164?
False
Is 64 a factor of 33829?
False
Is 2588 a multiple of 40?
False
Is 20 a factor of 340?
True
Does 31 divide 1395?
True
Is 85550 a multiple of 58?
True
Is 10 a factor of 48640?
True
Is 381 a factor of 46642?
False
Is 112478 a multiple of 211?
False
Is 2280 a multiple of 15?
True
Is 4381 a multiple of 13?
True
Is 80892 a multiple of 54?
True
Does 313 divide 55011?
False
Does 21 divide 3686?
False
Does 24 divide 680?
False
Is 184 a multiple of 2?
True
Does 39 divide 15639?
True
Does 14 divide 1638?
True
Is 3 a factor of 421?
False
Does 3 divide 401?
False
Is 11 a factor of 2876?
False
Does 22 divide 32506?
False
Is 15607 a multiple of 59?
False
Is 1364 a multiple of 31?
True
Does 52 divide 2132?
True
Is 5 a factor of 20865?
True
Is 48033 a multiple of 97?
False
Is 27 a factor of 1428?
False
Is 5 a factor of 75?
True
Is 80 a multiple of 10?
True
Is 228 a multiple of 11?
False
Does 10 divide 4711?
False
Does 15 divide 105?
True
Is 41 a factor of 9442?
False
Is 11 a factor of 187?
True
Is 18180 a multiple of 180?
True
Is 261 a multiple of 4?
False
Does 34 divide 5236?
True
Is 98 a multiple of 14?
True
Is 2409 a multiple of 41?
False
Is 32 a factor of 3770?
False
Is 11 a factor of 1837?
True
Is 11 a factor of 20?
False
Does 50 divide 2464?
False
Does 14 divide 26?
False
Is 9412 a multiple of 4?
True
Does 79 divide 280?
False
Is 53816 a multiple of 62?
True
Is 2000 a multiple of 16?
True
Is 6 a factor of 66?
True
Does 2 divide 114?
True
Is 85 a factor of 40290?
True
Is 15156 a multiple of 19?
False
Is 2 a factor of 1201?
False
Is 12 a factor of 1823?
False
Is 336 a factor of 19824?
True
Is 27 a factor of 652?
False
Is 224 even?
True
Does 24 divide 1229?
False
Is 9 a factor of 212?
False
Does 51 divide 116790?
True
Is 57985 a multiple of 31?
False
Is 23 a factor of 428?
False
Does 5 divide 715?
True
Does 4 divide 30?
False
Does 8 divide 12549?
False
Is 4 a factor of 205?
False
Is 77 a factor of 3043?
False
Is 370 a multiple of 37?
True
Is 7869 a multiple of 61?
True
Is 11027 a multiple of 7?
False
Is 964 a multiple of 36?
False
Is 5016 a multiple of 12?
True
Does 36 divide 28016?
False
Is 3352 even?
True
Is 12 a factor of 4779?
False
Is 23 a factor of 860?
False
Is 105 a multiple of 3?
True
Does 37 divide 9186?
False
Does 69 divide 13438?
False
Does 7 divide 2943?
False
Does 65 divide 15405?
True
Is 24 a multiple of 3?
True
Is 3912 a multiple of 12?
True
Is 3360 a multiple of 56?
True
Is 11888 a multiple of 59?
False
Is 9 a factor of 575?
False
Is 1529 even?
False
Is 57 a factor of 10716?
True
Is 8 a factor of 636?
False
Is 45 a factor of 6255?
True
Does 4 divide 4020?
True
Is 2215 a multiple of 19?
False
Is 84604 a multiple of 26?
True
Does 17 divide 261?
False
Is 82 a factor of 47478?
True
Does 4 divide 292?
True
Does 7 divide 672?
True
Is 87 a factor of 12833?
False
Does 26 divide 1169?
False
Does 10 divide 590?
True
Is 10 a factor of 2229?
False
Is 53847 a multiple of 193?
True
Does 131 divide 24144?
False
Is 488 a multiple of 61?
True
Does 12 divide 2904?
True
Is 101 a factor of 1604?
False
Is 27 a factor of 1215?
True
Does 11 divide 1029?
False
Is 787 a multiple of 18?
False
Does 40 divide 436?
False
Does 9 divide 4887?
True
Is 8402 a multiple of 9?
False
Is 29 a factor of 551?
True
Does 110 divide 440?
True
Does 41 divide 363?
False
Does 66 divide 6057?
False
Is 7900 a multiple of 65?
False
Does 8 divide 60265?
False
Does 17 divide 13194?
False
Does 71 divide 7143?
False
Is 13 a factor of 793?
True
Is 33 a factor of 121?
False
Is 4313 a multiple of 185?
False
Does 79 divide 23305?
True
Is 193 a factor of 16547?
False
Is 25797 a multiple of 27?
False
Is 26 a factor of 884?
True
Is 7280 a multiple of 91?
True
Is 4 a factor of 323?
False
Does 60 divide 537?
False
Is 100 a factor of 444?
False
Is 3 a factor of 384?
True
Is 195 a factor of 15990?
True
Does 9 divide 5706?
True
Does 14 divide 112?
True
Does 6 divide 1648?
False
Is 41 a factor of 44076?
False
Is 24 a factor of 613?
False
Is 66 a multiple of 6?
True
Is 468 a multiple of 12?
True
Is 144 a factor of 1723?
False
Is 436 a multiple of 71?
False
Is 515 a multiple of 6?
False
Is 1053 a multiple of 27?
True
Is 11 a factor of 185?
False
Does 29 divide 522?
True
Is 10 a factor of 10550?
True
Does 12 divide 23223?
False
Is 12 a factor of 51345?
False
Does 14 divide 12824?
True
Is 7667 a multiple of 146?
False
Does 43 divide 66607?
True
Is 20 a factor of 11511?
False
Is 9 a factor of 178?
False
Is 2563 a multiple of 16?
False
Is 172 a multiple of 5?
False
Does 15 divide 1929?
False
Is 2 a factor of 119?
False
Is 108 a factor of 324?
True
Is 14 a factor of 10020?
False
Does 19 divide 14041?
True
Is 6 a factor of 13387?
False
Does 14 divide 554?
False
Is 11 a factor of 2446?
False
Is 5136 a multiple of 16?
True
Is 6 a factor of 360?
True
Is 54876 a multiple of 17?
True
Is 49 a factor of 1323?
True
Does 56 divide 26740?
False
Is 91 a factor of 5551?
True
Does 13 divide 26?
True
Is 5400 a multiple of 72?
True
Is 385 a factor of 45045?
True
Is 7674 a multiple of 159?
False
Is 12834 a multiple of 27?
False
Is 55 a factor of 2035?
True
Is 1666 a multiple of 98?
True
Is 62 a multiple of 13?
False
Does 16 divide 576?
True
Does 33 divide 396?
True
Does 16 divide 15104?
True
Is 122 a multiple of 2?
True
Is 33 a factor of 592?
False
Does 14 divide 26985?
False
Is 259 a multiple of 19?
False
Is 6436 a multiple of 6?
False
Is 142 a factor of 76396?
True
Does 60 divide 420?
True
Is 29 a factor of 537?
False
Is 7 a factor of 29204?
True
Is 10897 a multiple of 147?
False
Is 14900 a multiple of 47?
False
Is 6871 a multiple of 31?
False
Is 130 a factor of 3120?
True
Is 580 a multiple of 2?
True
Is 3 a factor of 41?
False
Is 952 even?
True
Is 15372 a multiple of 18?
True
Does 13 divide 403?
True
Does 25 divide 282?
False
Does 43 divide 817?
True
Does 5 divide 2025?
True
Does 21 divide 53?
False
Is 184 a multiple of 44?
False
Is 18 a factor of 415?
False
Is 20930 a multiple of 15?
False
Is 31 a factor of 13330?
True
Is 32 a factor of 320?
True
Is 18 a factor of 522?
True
Does 62 divide 5098?
False
Does 80 divide 23846?
False
Does 57 divide 4510?
False
Is 160 a factor of 38957?
False
Is 34 a factor of 2233?
False
Does 4 divide 2312?
True
Does 8 divide 1936?
True
Does 130 divide 71760?
True
Is 26 a factor of 547?
False
Is 13 a factor of 12460?
False
Does 41 divide 415?
False
Is 8 a factor of 6309?
False
Is 20159 a multiple of 72?
False
Does 27 divide 2484?
True
Is 18 a factor of 810?
True
Is 920 a multiple of 20?
True
Is 59 a multiple of 3?
False
Is 1792 a multiple of 24?
False
Is 18 even?
True
Is 17944 a multiple of 96?
False
Is 18 a multiple of 18?
True
Does 11 divide 6699?
True
Is 8 a factor of 70329?
False
Is 89 a factor of 356?
True
Is 3141 a multiple of 3?
True
Does 15 divide 1035?
True
Is 4372 a multiple of 136?
False
Is 13042 a multiple of 7?
False
Does 15 divide 67965?
True
Does 57 divide 1938?
True
Does 15 divide 285?
True
Is 3022 a multiple of 13?
False
Is 7636 a multiple of 23?
True
Does 3 divide 288?
True
Does 7 divide 749?
True
Does 6 divide 261?
False
Is 1200 a multiple of 16?
True
Does 74 divide 15684?
False
Does 115 divide 10949?
False
Is 644 a multiple of 23?
True
Is 15 a factor of 900?
True
Is 14 a factor of 105?
False
Does 8 divide 2615?
False
Does 97 divide 10961?
True
Is 26 a factor of 546?
True
Is 7144 a multiple of 76?
True
Does 2 divide 420?
True
Does 9 divide 57?
False
Is 47 a factor of 7726?
False
Is 9177 a multiple of 57?
True
Is 14 a factor of 60?
False
Does 14 divide 364?
True
Is 1078 a multiple of 26?
False
Is 2796 a multiple of 23?
False
Does 56 divide 2856?
True
Is 3339 a multiple of 21?
True
Does 41 divide 23809?
False
Is 10670 a multiple of 137?
False
Is 160 a multiple of 16?
True
Does 96 divide 67296?
True
Is 680 a multiple of 2?
True
Is 24 a factor of 2040?
True
Is 34 a factor of 29985?
False
Does 62 divi